{"id":6,"date":"2016-09-19T11:00:10","date_gmt":"2016-09-19T09:00:10","guid":{"rendered":"http:\/\/laboculturel.com\/?page_id=6"},"modified":"2022-01-31T18:02:48","modified_gmt":"2022-01-31T17:02:48","slug":"labo-culturel-demenageur-demenagement-visa-chine-visa-inde-visa-vietnam-visa-russie-croisiere-safari-afrique-garde-meubles","status":"publish","type":"page","link":"http:\/\/laboculturel.com\/","title":{"rendered":"Labo culturel"},"content":{"rendered":"<h2>Pr\u00e9sentation du Laboratoire Culturel de Clermont-Ferrand<\/h2>\n<p><img loading=\"lazy\" class=\"alignnone size-full wp-image-14 alignright\" src=\"http:\/\/laboculturel.com\/wp-content\/uploads\/2016\/09\/3-1.jpeg.jpg\" alt=\"3-1.jpeg\" width=\"275\" height=\"183\" \/><\/p>\n<p>L\u2019association Laboratoire Culturel (Le) bas\u00e9e \u00e0 Clermont-Ferrand est un organisme \u00e0 but non lucratif. Domicili\u00e9e au 5, impasse Jassat, l\u2019association a \u00e9t\u00e9 fond\u00e9e en 2005. Elle a pour objectif la professionnalisation du milieu associatif clermontois et la promotion de ce milieu aupr\u00e8s des secteurs priv\u00e9s et publics. Pour atteindre cet objectif, l\u2019association organise diff\u00e9rentes manifestations <a href=\"https:\/\/www.esa-ipa.com\/\">culturelles \u00e0 destination<\/a> de ses partenaires. Sa strat\u00e9gie m\u00eale ainsi accompagnement et appui financier. Dans le cadre de l\u2019accompagnement, Le Laboratoire Culturel propose des services de conseils et d\u2019\u00e9valuation, r\u00e9alise des audits et autres \u00e9tudes ou recherche. Elle a \u00e9galement mis en place un syst\u00e8me de mise en relation des associations avec les partenaires potentiels. Dans ces activit\u00e9s d\u2019appui financier, l\u2019association propose un syst\u00e8me de m\u00e9c\u00e9nat et de partenariat financ\u00e9 gr\u00e2ce des collectes de fonds.<\/p>\n<h2>Conseils pour le d\u00e9m\u00e9nagement<\/h2>\n<p>D\u00e9m\u00e9nager est souvent une entreprise stressante et, pour certains, empreinte d\u2019\u00e9motions. Afin de commencer votre nouvelle vie le plus sereinement possible, il est important d\u2019\u00eatre bien organis\u00e9. Tout d\u2019abord, si vous \u00eates locataire, avant m\u00eame de prendre contact avec un d\u00e9m\u00e9nageur, vous devrez imp\u00e9rativement informer votre propri\u00e9taire de vos projets. Vous devrez aussi signaler \u00e0 la poste et \u00e0 vos compagnies d\u2019\u00e9lectricit\u00e9, de gaz ainsi que de t\u00e9l\u00e9phone votre changement d\u2019adresse. Une fois ces d\u00e9marches accomplies, vous pouvez proc\u00e9der \u00e0 votre d\u00e9m\u00e9nagement. Une compagnie pourra vous \u00eatre utile dans votre t\u00e2che. Le devis d\u00e9m\u00e9nagement\u00a0qu\u2019elle effectuera vous donnera une indication des prix de leurs prestations. En plus de vous aider dans le transport de vos biens, elle pourra \u00e9galement vous louer un garde meuble\u00a0au cas o\u00f9 vous en aurez besoin.<\/p>\n<p>Tout sur l\u2019assurance vie<\/p>\n<p>\u00c0 l\u2019oppos\u00e9 de l\u2019assurance d\u00e9c\u00e8s, assurance vie n\u2019est pas un capital qui sera revers\u00e9 \u00e0 vos ayants droit en cas de d\u00e9c\u00e8s. L\u2019assurance vie consiste plut\u00f4t \u00e0 toucher un capital donn\u00e9, plus les int\u00e9r\u00eats, apr\u00e8s avoir cotis\u00e9 sur une p\u00e9riode donn\u00e9e. Elle se rapproche donc plus de l\u2019\u00e9pargne. Toutefois, en cas de d\u00e9c\u00e8s, le montant d\u00fb pourra \u00eatre revers\u00e9 \u00e0 vos ayants droit, il faudra pour cela les nommer dans votre contrat. Dans ce syst\u00e8me, vous avez le droit de retirer votre argent \u00e0 tout moment. Cependant, pour b\u00e9n\u00e9ficier au maximum des avantages de l\u2019assurance vie, il est conseill\u00e9 de ne pas toucher au capital les 8 premi\u00e8res ann\u00e9es pour acc\u00e9der \u00e0 un all\u00e8gement fiscal. Entre toutes les offres sur le march\u00e9, les \u00ab Fonds euro \u00bb sont le placement le plus s\u00fbr, m\u00eame si le rendement est faible.<\/p>\n<h2>Les visas \u00e9trangers<\/h2>\n<p>Un voyage \u00e0 l\u2019\u00e9tranger est une exp\u00e9rience souvent inoubliable. Mais pour le r\u00e9aliser, il faut un visa. Si vous partez en visa Chine, visa Russie\u00a0visa Inde\u00a0ou visa Vietnam\u00a0, il faudra imp\u00e9rativement un visa avant de monter dans l\u2019avion. En effet, ces pays ne d\u00e9livrent pas de visas \u00e0 l\u2019arriv\u00e9e. Pour un visa Chine, il vous faudra 1 semaine. Le visa Russie, d\u00e9livr\u00e9 par son Ambassade, co\u00fbte entre 35 et 70 euros selon le temps d\u2019attente. Pour le visa Inde, il faudra se d\u00e9placer dans l\u2019un des 5 centres en France. Enfin, le visa Vietnam s\u2019obtient en une journ\u00e9e \u00e0 leur consulat.<\/p>\n<h2>Tout sur les croisi\u00e8res<\/h2>\n<p>Une croisi\u00e8re a beaucoup d\u2019avantages : luxe et confort \u00e0 petit prix. La meilleure fa\u00e7on de r\u00e9aliser des \u00e9conomies suppl\u00e9mentaires reste encore de r\u00e9server vos billets sur la toile. Cela vous permettra \u00e9galement de comparer plus facilement l\u2019ensemble de l\u2019offre propos\u00e9e. Faites de bonnes affaires (jusqu\u2019\u00e0 -80 %) en r\u00e9servant \u00e0 la derni\u00e8re minute des croisi\u00e8res courtes pendant les p\u00e9riodes creuses.<\/p>\n<p class=\"p1\">\n","protected":false},"excerpt":{"rendered":"<p>Pr\u00e9sentation du Laboratoire Culturel de Clermont-Ferrand L\u2019association Laboratoire Culturel (Le) bas\u00e9e \u00e0 Clermont-Ferrand est un organisme \u00e0 but non lucratif. Domicili\u00e9e au 5, impasse Jassat, l\u2019association a \u00e9t\u00e9 fond\u00e9e en 2005. Elle a pour objectif la professionnalisation du milieu associatif clermontois et la promotion de ce milieu aupr\u00e8s des secteurs priv\u00e9s et publics. Pour atteindre&nbsp;&#8230;<\/p>\n","protected":false},"author":1,"featured_media":0,"parent":0,"menu_order":0,"comment_status":"closed","ping_status":"closed","template":"","meta":[],"_links":{"self":[{"href":"http:\/\/laboculturel.com\/index.php\/wp-json\/wp\/v2\/pages\/6"}],"collection":[{"href":"http:\/\/laboculturel.com\/index.php\/wp-json\/wp\/v2\/pages"}],"about":[{"href":"http:\/\/laboculturel.com\/index.php\/wp-json\/wp\/v2\/types\/page"}],"author":[{"embeddable":true,"href":"http:\/\/laboculturel.com\/index.php\/wp-json\/wp\/v2\/users\/1"}],"replies":[{"embeddable":true,"href":"http:\/\/laboculturel.com\/index.php\/wp-json\/wp\/v2\/comments?post=6"}],"version-history":[{"count":8,"href":"http:\/\/laboculturel.com\/index.php\/wp-json\/wp\/v2\/pages\/6\/revisions"}],"predecessor-version":[{"id":22,"href":"http:\/\/laboculturel.com\/index.php\/wp-json\/wp\/v2\/pages\/6\/revisions\/22"}],"wp:attachment":[{"href":"http:\/\/laboculturel.com\/index.php\/wp-json\/wp\/v2\/media?parent=6"}],"curies":[{"name":"wp","href":"https:\/\/api.w.org\/{rel}","templated":true}]}}